{"id":49,"date":"2019-08-02T18:17:43","date_gmt":"2019-08-02T16:17:43","guid":{"rendered":"https:\/\/www.definet.de\/?page_id=49"},"modified":"2026-03-30T13:30:48","modified_gmt":"2026-03-30T11:30:48","slug":"impressum","status":"publish","type":"page","link":"https:\/\/definet.de\/nds-de\/impressum\/","title":{"rendered":"Impressum"},"content":{"rendered":"\t\t<div data-elementor-type=\"wp-page\" data-elementor-id=\"49\" class=\"elementor elementor-49\" data-elementor-post-type=\"page\">\n\t\t\t\t<div class=\"elementor-element elementor-element-69a25769 e-flex e-con-boxed e-con e-parent\" data-id=\"69a25769\" data-element_type=\"container\" data-e-type=\"container\">\n\t\t\t\t\t<div class=\"e-con-inner\">\n\t\t\t\t<div class=\"elementor-element elementor-element-7675c79b elementor-widget elementor-widget-text-editor\" data-id=\"7675c79b\" data-element_type=\"widget\" data-e-type=\"widget\" data-widget_type=\"text-editor.default\">\n\t\t\t\t<div class=\"elementor-widget-container\">\n\t\t\t\t\t\t\t\t\t<h2>Impressum und Vermittlerauskunft<\/h2><p><strong>(\u00a7 15 VersVermV, \u00a7 12 FinVermV) DEFINET AG<\/strong><\/p><p>(Stand: 27. M\u00e4rz 2024)<\/p><p>Das nachfolgende Impressum und Vermittlerauskunft \u00a0gilt f\u00fcr die Websites der DEFINET AG wie auch deren Social Media-Pr\u00e4senzen, insbesondere\u00a0Facebook,\u00a0Instagram,\u00a0LinkedIn\u00a0und\u00a0Xing.<\/p><p><strong>Angaben\/Verantwortlicher nach \u00a7\u00a7 5 DDG, 18 MStV<\/strong><\/p><p>DEFINET AG<br \/><span data-teams=\"true\">Helfmann-Park 8<\/span><br \/>65760 Eschborn<\/p><p>Telefon:\u00a006196 58684-00<br \/>Fax:\u00a006196 586844-400<br \/>E-Mail:\u00a0info@definet.de<\/p><p><strong>Vorstand<br \/><\/strong>Lars Breustedt (Vorsitzender)<br \/>Jens Kolmsee<br \/>J\u00f6rg R\u00f6ckinghausen<\/p><p><strong>Vorsitzender des Aufsichtsrats<br \/><\/strong><\/p><p><span data-olk-copy-source=\"MessageBody\">Bernhard Johannes Term\u00fchlen (Vors.)<br \/><\/span>Dr. Bernhard Term\u00fchlen (stellv. Vors.)<br \/>Bernd Neumann<\/p><p><strong>Registergericht<br \/><\/strong>Amtsgericht: Frankfurt<br \/>HRB-Nr.: HRB 102178<\/p><p><strong>Umsatzsteuer-Identifikationsnummer<\/strong><br \/>Ust.-Id. DE 287031786<\/p><p><strong>Verantwortliche gem\u00e4\u00df \u00a7 18 Abs. 2 MStV<br \/><\/strong>Lars Breustedt, Jens Kolmsee, J\u00f6rg R\u00f6ckinghausen<br \/><span data-teams=\"true\">Helfmann-Park 8<\/span><br \/>65760 Eschborn<\/p><p><strong>Aufsichtsbeh\u00f6rde f\u00fcr die Erlaubnis nach \u00a7 34 c, \u00a7 34 i Gewerbeordnung<br \/><\/strong>Main-Taunus-Kreis<br \/>Der Kreisausschuss<br \/>Am Kreishaus 1-5<br \/>65719 Hofheim<\/p><p><strong>Aufsichtsbeh\u00f6rde f\u00fcr die Erlaubnis nach \u00a7 34 d, \u00a7 34 f Gewerbeordnung<br \/><\/strong>Industrie- und Handelskammer Frankfurt am Main<br \/>B\u00f6rsenstra\u00dfe 4<br \/>60313 Frankfurt am Main<\/p><p>Die DEFINET AG ist Mitglied dieser Industrie- und Handelskammer.<\/p><p><strong>Versicherungsvermittlerregister<br \/><\/strong>Registerstelle<br \/>Deutsche Industrie- und Handelskammer (DIHK)<br \/>Breite Stra\u00dfe 29<br \/>10178 Berlin<br \/>Telefon +49 (0) 30 &#8211; 20308-0<br \/><a href=\"http:\/\/www.vermittlerregister.info\/\">www.vermittlerregister.info<\/a><\/p><p>Registernummer als Versicherungsmakler: D-5O9K-W0S5O-04<br \/>Registernummer als Finanzanlagenvermittler: D-F-139-2ANA-89<br \/>Registernummer als Immobiliardarlehensvermittler: D-W-125-YJQ5-81<\/p><p><strong>T\u00e4tigkeitsart<br \/><\/strong>Versicherungsmakler im Sinne des \u00a7 59 Abs. 3 Versicherungsvertragsgesetz mit Erlaubnispflicht nach \u00a7 34 d Abs. 1 Gewerbeordnung,\u00a0Finanzanlagenvermittler mit Erlaubnispflicht nach \u00a7\u00a7 34 f Abs. 1, 5 Gewerbeordnung, Immobiliardarlehensvermittler mit Erlaubnispflicht nach \u00a7 34 i Abs. 1 S.1 Gewerbeordnung jeweils in Verbindung mit \u00a7\u00a011\u00a0a\u00a0Abs.\u00a01 Gewerbeordnung.<\/p><p><strong>Kurzvorstellung des Unternehmens, Beratung, Verg\u00fctung, Zahlungsmittel<br \/><\/strong>Die DEFINET ist ein Unternehmen der Finanzdienstleistungsbranche, welches am Markt unter anderem als Versicherungsmaklerin und Finanzanlagenvermittlerin auftritt.<\/p><p>Die DEFINET AG vermittelt ihren Kunden in ganz Deutschland bedarfsgerechte Versicherungs- und Finanzanlageprodukte, ber\u00e4t und betreut ihre Kunden in diesen Gesch\u00e4ftsfeldern.<\/p><p>Die DEFINET AG erh\u00e4lt f\u00fcr die Beratung und Vermittlung von Versicherungen gem\u00e4\u00df \u00a7\u00a034d\u00a0Abs. 1 GewO von Dritten, z.B. von Versicherungsunternehmen,<br \/>einmalige und laufende Zuwendungen in Form von Provisionen.<\/p><p>F\u00fcr die Beratung und Vermittlung von Finanzanlagen gem\u00e4\u00df \u00a7 34f Abs. 1 Satz 1 Nr.\u00a01\u00a0bis\u00a0Nr.\u00a03\u00a0GewO erh\u00e4lt die DEFINET AG von Dritten, z. B. von Anbietern von Finanzanlagen oder Banken, einmalige und laufende Zuwendungen in Form von Provisionen. Eine Verg\u00fctung durch den Kunden erfolgt nur aufgrund besonderer schriftlicher Vereinbarung.<\/p><p>In ihrer Eigenschaft als Finanzanlagenvermittlerin und im Rahmen dieser T\u00e4tigkeit bietet die DEFINET AG ihren Kunden s\u00e4mtliche \u00fcber die Produktpartner eFonds24 GmbH (Unternehmensbereich Pacta, www.pacta-va.de), European Bank for Financial Services GmbH (ebase\u00ae) (www.ebase.com) und FIL Fondsbank GmbH (www.ffb.de) handelbaren Produkte an.<\/p><p>Die DEFINET AG ist nicht zur Annahme von Zahlungsmitteln f\u00fcr Dritte (z. B. Bargeld, \u00dcberweisungen, Schecks, Wertpapiere, usw.) bevollm\u00e4chtigt. Zahlungen der Kunden erfolgen ausschlie\u00dflich direkt an den Produktanbieter.<\/p><p><strong>Schlichtungsstellen<br \/><\/strong>Zur au\u00dfergerichtlichen Beilegung von Streitigkeiten zwischen Versicherungsnehmer und Vermittler im Zusammenhang mit der Vermittlung von Versicherungsvertr\u00e4gen k\u00f6nnen die folgenden unabh\u00e4ngigen Schlichtungsstellen gem\u00e4\u00df \u00a7 214 VVG angerufen werden.<\/p><p>Sofern im Falle einer Kundenbeschwerde im Zusammenhang mit der Vermittlung einer Versicherung ausnahmsweise keine einvernehmliche L\u00f6sung mit der DEFINET AG gefunden werden kann, ist diese bereit, an einem Streitbeilegungsverfahren vor den nachstehenden Schlichtungsstellen teilzunehmen.<\/p><p><strong>Versicherungsombudsmann e. V.<br \/><\/strong>Postfach 080632<br \/>10006 Berlin<br \/>Telefon: 0800 3696000 (kostenfrei aus dem dt. Festnetz)<br \/>Fax: 0800 3699000 (kostenfrei aus dem dt. Festnetz)<br \/><a href=\"http:\/\/www.versicherungsombudsmann.de\/\">www.versicherungsombudsmann.de<\/a><\/p><p><strong>Ombudsmann Private Kranken- und Pflegeversicherung<br \/><\/strong>Postfach 060222<br \/>10052 Berlin<br \/>Telefon: 01802 550444 (6 ct pro Anruf aus dem dt. Festnetz; max. 42 ct\/min aus dem Mobilfunknetz)<br \/>Fax: 030 20458931<br \/><a href=\"http:\/\/www.pkv-ombudsmann.de\/\">www.pkv-ombudsmann.de<\/a><\/p><p>Betrifft die Beschwerde eine Darlehensvermittlung, die Vermittlung einer Immobilie, die Vermittlung eines Bausparvertrages oder die Vermittlung einer Finanzanlage im Sinne des \u00a7 34 f Abs. 1 Nr. 1 oder Nr. 2 GewO (Investmentfonds oder einen Alternativen Investmentfonds), nimmt die DEFINET AG nicht an einem externen Schlichtungsverfahren teil.<\/p><p>Es besteht jedoch immer die M\u00f6glichkeit, sich wegen einer Beschwerde auch zu solchen Vertr\u00e4gen oder Produkten an die DEFINET AG zu wenden.<\/p><p><strong>Beteiligungen<br \/><\/strong>Die DEFINET AG\u00a0besitzt keine direkten oder indirekten Beteiligungen von \u00fcber 10% an den Stimmrechten oder am Kapital eines Versicherungsunternehmens.<\/p><p>Dar\u00fcber hinaus besitzt kein Versicherungsunternehmen oder Mutterunternehmen eines Versicherungsunternehmens eine direkte oder indirekte Beteiligung an den Stimmrechten oder am Kapital der DEFINET AG.<\/p><p><strong>Berufsrechtliche Regelungen<\/strong><\/p><ul><li>34 c Gewerbeordnung<\/li><li>34 d Gewerbeordnung<\/li><li>34 f Gewerbeordnung<\/li><li>\u00a7 59\u201368 Versicherungsvertragsgesetz (VVG)<\/li><li>Versicherungsvermittlerverordnung (VersVermV)<\/li><\/ul><p>Die berufsrechtlichen Regelungen k\u00f6nnen \u00fcber die vom Bundesministerium der Justiz und von der juris GmbH betriebene Homepage\u00a0<a href=\"http:\/\/www.gesetze-im-internet.de\/\">www.gesetze-im-internet.de<\/a>\u00a0eingesehen und abgerufen werden.<\/p><p><strong>Rechtliche Hinweise<br \/><\/strong>Wir bem\u00fchen uns st\u00e4ndig darum, Sie auf unseren Internetseiten stets vollst\u00e4ndig und aktuell zu informieren. Leider k\u00f6nnen auch hier Fehler auftreten. Die DEFINET AG \u00fcbernimmt daher keine Gew\u00e4hr f\u00fcr die Aktualit\u00e4t, Vollst\u00e4ndigkeit oder Richtigkeit der auf ihren Internetseiten bereitgestellten Informationen. Die DEFINET AG schlie\u00dft jegliche Haftung f\u00fcr Sch\u00e4den, die direkt oder indirekt aus der Benutzung dieser Website entstehen, aus. Die Haftung f\u00fcr Vorsatz oder grobe Fahrl\u00e4ssigkeit bleibt hiervon unber\u00fchrt. Bei direkten oder indirekten Verweisen (sogenannten Hyperlinks) auf Internetseiten Dritter haben wir keinen Einfluss auf deren Inhalte und deren Gestaltung. Deshalb k\u00f6nnen wir f\u00fcr diese fremden Inhalte und die Gestaltung auch keine Gew\u00e4hr \u00fcbernehmen. F\u00fcr die Inhalte und die Gestaltung der verlinkten Seiten ist stets der jeweilige Anbieter oder Betreiber der Seiten verantwortlich. Vor diesem Hintergrund distanzieren wir uns ausdr\u00fccklich von dem Inhalt und der Gestaltung dieser Internetseiten. Die verlinkten Seiten wurden zum Zeitpunkt der Verlinkung auf m\u00f6gliche Rechtsverst\u00f6\u00dfe \u00fcberpr\u00fcft. Rechtswidrige Inhalte waren zum Zeitpunkt der Verlinkung nicht erkennbar. Eine permanente inhaltliche Kontrolle der verlinkten Seiten ist uns jedoch nicht zumutbar. Sollten uns Rechtsverletzungen bekannt werden, so werden wir derartige Hyperlinks umgehend entfernen.<\/p><p><strong>Genderhinweis:<br \/><\/strong>Transparenz und Klarheit sind gro\u00dfe Anliegen der DEFINET AG. Deshalb verzichten wir auf genderneutrale, un\u00fcbersichtliche Schreibweisen wie beispielsweise Kunde*in, Interessent*in, Berater*in, Bewerber*in.<\/p><p>Aus Gr\u00fcnden der besseren Lesbarkeit verwenden wir bei Personenbezeichnungen und personenbezogenen Hauptw\u00f6rtern die m\u00e4nnliche Form. Die Begriffe gelten im Sinne der Gleichbehandlung grunds\u00e4tzlich aber f\u00fcr alle Geschlechter. Die verk\u00fcrzte Sprachform hat ausschlie\u00dflich redaktionelle Gr\u00fcnde und beinhaltet keine Wertung.<\/p><p><strong>Wir bedanken uns f\u00fcr das Verst\u00e4ndnis und freuen uns \u00fcber jeden Interessenten, Kunden und Bewerber (m\/w\/d).<\/strong><\/p>\t\t\t\t\t\t\t\t<\/div>\n\t\t\t\t<\/div>\n\t\t\t\t<div class=\"elementor-element elementor-element-0fdfccb elementor-widget elementor-widget-text-editor\" data-id=\"0fdfccb\" data-element_type=\"widget\" data-e-type=\"widget\" data-widget_type=\"text-editor.default\">\n\t\t\t\t<div class=\"elementor-widget-container\">\n\t\t\t\t\t\t\t\t\t<h3>Konzeption, Gestaltung und Webdesign<\/h3><p><strong>Mediengewerk<\/strong><br \/>Fon:\u00a0<a href=\"tel:+4961116870279\" data-type=\"tel\" data-id=\"tel:+4961116870279\">+ 49 611 168 70 279<\/a><br \/>Internet:\u00a0<a class=\"impressum\" href=\"https:\/\/www.mediengewerk.de\/\" target=\"_blank\" rel=\"noopener noreferrer\">www.mediengewerk.de<\/a><br \/>Mail:\u00a0<a href=\"mailto:info@mediengewerk.de\">info@mediengewerk.de<\/a><\/p>\t\t\t\t\t\t\t\t<\/div>\n\t\t\t\t<\/div>\n\t\t\t\t\t<\/div>\n\t\t\t\t<\/div>\n\t\t\t\t<\/div>\n\t\t","protected":false},"excerpt":{"rendered":"<p>Impressum und Vermittlerauskunft (\u00a7 15 VersVermV, \u00a7 12 FinVermV) DEFINET AG (Stand: 27. M\u00e4rz 2024) Das nachfolgende Impressum und Vermittlerauskunft \u00a0gilt f\u00fcr die Websites der DEFINET AG wie auch deren Social Media-Pr\u00e4senzen, insbesondere\u00a0Facebook,\u00a0Instagram,\u00a0LinkedIn\u00a0und\u00a0Xing. Angaben\/Verantwortlicher nach \u00a7\u00a7 5 DDG, 18 MStV DEFINET AGHelfmann-Park 865760 Eschborn Telefon:\u00a006196 58684-00Fax:\u00a006196 586844-400E-Mail:\u00a0info@definet.de VorstandLars Breustedt (Vorsitzender)Jens KolmseeJ\u00f6rg R\u00f6ckinghausen Vorsitzender des Aufsichtsrats [&hellip;]<\/p>\n","protected":false},"author":1,"featured_media":21973,"parent":0,"menu_order":0,"comment_status":"closed","ping_status":"closed","template":"","meta":{"_acf_changed":false,"footnotes":""},"folder":[1170],"class_list":["post-49","page","type-page","status-publish","has-post-thumbnail","hentry"],"acf":[],"yoast_head":"<!-- This site is optimized with the Yoast SEO plugin v27.5 - https:\/\/yoast.com\/product\/yoast-seo-wordpress\/ -->\n<title>Impressum - Allgemeine Informationen - DEFINET AG<\/title>\n<meta name=\"description\" content=\"DEFINET AG |\u00a0Helfmann-Park 8 | 65760 Eschborn |\u00a0Telefon: 06196 58684-00 |\u00a0\u00a0Fax: 06196 586844-400 | E-Mail: info@definet.de\" \/>\n<meta name=\"robots\" content=\"index, follow, max-snippet:-1, max-image-preview:large, max-video-preview:-1\" \/>\n<link rel=\"canonical\" href=\"https:\/\/definet.de\/impressum\/\" \/>\n<meta property=\"og:locale\" content=\"en_US\" \/>\n<meta property=\"og:type\" content=\"article\" \/>\n<meta property=\"og:title\" content=\"Impressum - Definet AG\" \/>\n<meta property=\"og:description\" content=\"DEFINET AG | Mergenthalerallee 15\u201321 | 65760 Eschborn\" \/>\n<meta property=\"og:url\" content=\"https:\/\/definet.de\/impressum\/\" \/>\n<meta property=\"og:site_name\" content=\"DEFINET AG\" \/>\n<meta property=\"article:modified_time\" content=\"2026-03-30T11:30:48+00:00\" \/>\n<meta property=\"og:image\" content=\"https:\/\/definet.de\/wp-content\/uploads\/2025\/02\/impressum.jpg\" \/>\n\t<meta property=\"og:image:width\" content=\"1200\" \/>\n\t<meta property=\"og:image:height\" content=\"630\" \/>\n\t<meta property=\"og:image:type\" content=\"image\/jpeg\" \/>\n<meta name=\"twitter:card\" content=\"summary_large_image\" \/>\n<meta name=\"twitter:title\" content=\"Impressum - Definet AG\" \/>\n<meta name=\"twitter:description\" content=\"DEFINET AG | Mergenthalerallee 15\u201321 | 65760 Eschborn\" \/>\n<meta name=\"twitter:label1\" content=\"Gesch\u00e4tzte Lesezeit\" \/>\n\t<meta name=\"twitter:data1\" content=\"6\u00a0Minuten\" \/>\n<script type=\"application\/ld+json\" class=\"yoast-schema-graph\">{\"@context\":\"https:\\\/\\\/schema.org\",\"@graph\":[{\"@type\":\"WebPage\",\"@id\":\"https:\\\/\\\/definet.de\\\/impressum\\\/\",\"url\":\"https:\\\/\\\/definet.de\\\/impressum\\\/\",\"name\":\"Impressum - Allgemeine Informationen - DEFINET AG\",\"isPartOf\":{\"@id\":\"https:\\\/\\\/definet.de\\\/#website\"},\"primaryImageOfPage\":{\"@id\":\"https:\\\/\\\/definet.de\\\/impressum\\\/#primaryimage\"},\"image\":{\"@id\":\"https:\\\/\\\/definet.de\\\/impressum\\\/#primaryimage\"},\"thumbnailUrl\":\"https:\\\/\\\/definet.de\\\/wp-content\\\/uploads\\\/2025\\\/02\\\/impressum.jpg\",\"datePublished\":\"2019-08-02T16:17:43+00:00\",\"dateModified\":\"2026-03-30T11:30:48+00:00\",\"description\":\"DEFINET AG |\u00a0Helfmann-Park 8 | 65760 Eschborn |\u00a0Telefon: 06196 58684-00 |\u00a0\u00a0Fax: 06196 586844-400 | E-Mail: info@definet.de\",\"breadcrumb\":{\"@id\":\"https:\\\/\\\/definet.de\\\/impressum\\\/#breadcrumb\"},\"inLanguage\":\"de\",\"potentialAction\":[{\"@type\":\"ReadAction\",\"target\":[\"https:\\\/\\\/definet.de\\\/impressum\\\/\"]}]},{\"@type\":\"ImageObject\",\"inLanguage\":\"de\",\"@id\":\"https:\\\/\\\/definet.de\\\/impressum\\\/#primaryimage\",\"url\":\"https:\\\/\\\/definet.de\\\/wp-content\\\/uploads\\\/2025\\\/02\\\/impressum.jpg\",\"contentUrl\":\"https:\\\/\\\/definet.de\\\/wp-content\\\/uploads\\\/2025\\\/02\\\/impressum.jpg\",\"width\":1200,\"height\":630,\"caption\":\"DEFINET AG \u2013 Impressum\"},{\"@type\":\"BreadcrumbList\",\"@id\":\"https:\\\/\\\/definet.de\\\/impressum\\\/#breadcrumb\",\"itemListElement\":[{\"@type\":\"ListItem\",\"position\":1,\"name\":\"Startseite\",\"item\":\"https:\\\/\\\/definet.de\\\/nds-de\\\/home\\\/\"},{\"@type\":\"ListItem\",\"position\":2,\"name\":\"Impressum\"}]},{\"@type\":\"WebSite\",\"@id\":\"https:\\\/\\\/definet.de\\\/#website\",\"url\":\"https:\\\/\\\/definet.de\\\/\",\"name\":\"Definet AG\",\"description\":\"Kompetenz. Mehrwert. Partnerschaft.\",\"publisher\":{\"@id\":\"https:\\\/\\\/definet.de\\\/#organization\"},\"potentialAction\":[{\"@type\":\"SearchAction\",\"target\":{\"@type\":\"EntryPoint\",\"urlTemplate\":\"https:\\\/\\\/definet.de\\\/?s={search_term_string}\"},\"query-input\":{\"@type\":\"PropertyValueSpecification\",\"valueRequired\":true,\"valueName\":\"search_term_string\"}}],\"inLanguage\":\"de\"},{\"@type\":\"Organization\",\"@id\":\"https:\\\/\\\/definet.de\\\/#organization\",\"name\":\"DEFINET AG\",\"url\":\"https:\\\/\\\/definet.de\\\/\",\"logo\":{\"@type\":\"ImageObject\",\"inLanguage\":\"de\",\"@id\":\"https:\\\/\\\/definet.de\\\/#\\\/schema\\\/logo\\\/image\\\/\",\"url\":\"https:\\\/\\\/definet.de\\\/wp-content\\\/uploads\\\/2020\\\/01\\\/Logo_Definet.png\",\"contentUrl\":\"https:\\\/\\\/definet.de\\\/wp-content\\\/uploads\\\/2020\\\/01\\\/Logo_Definet.png\",\"width\":2547,\"height\":567,\"caption\":\"DEFINET AG\"},\"image\":{\"@id\":\"https:\\\/\\\/definet.de\\\/#\\\/schema\\\/logo\\\/image\\\/\"},\"sameAs\":[\"https:\\\/\\\/www.linkedin.com\\\/company\\\/definetag\"]}]}<\/script>\n<!-- \/ Yoast SEO plugin. -->","yoast_head_json":{"title":"Impressum - Allgemeine Informationen - DEFINET AG","description":"DEFINET AG |\u00a0Helfmann-Park 8 | 65760 Eschborn |\u00a0Telefon: 06196 58684-00 |\u00a0\u00a0Fax: 06196 586844-400 | E-Mail: info@definet.de","robots":{"index":"index","follow":"follow","max-snippet":"max-snippet:-1","max-image-preview":"max-image-preview:large","max-video-preview":"max-video-preview:-1"},"canonical":"https:\/\/definet.de\/impressum\/","og_locale":"en_US","og_type":"article","og_title":"Impressum - Definet AG","og_description":"DEFINET AG | Mergenthalerallee 15\u201321 | 65760 Eschborn","og_url":"https:\/\/definet.de\/impressum\/","og_site_name":"DEFINET AG","article_modified_time":"2026-03-30T11:30:48+00:00","og_image":[{"width":1200,"height":630,"url":"https:\/\/definet.de\/wp-content\/uploads\/2025\/02\/impressum.jpg","type":"image\/jpeg"}],"twitter_card":"summary_large_image","twitter_title":"Impressum - Definet AG","twitter_description":"DEFINET AG | Mergenthalerallee 15\u201321 | 65760 Eschborn","twitter_misc":{"Gesch\u00e4tzte Lesezeit":"6\u00a0Minuten"},"schema":{"@context":"https:\/\/schema.org","@graph":[{"@type":"WebPage","@id":"https:\/\/definet.de\/impressum\/","url":"https:\/\/definet.de\/impressum\/","name":"Impressum - Allgemeine Informationen - DEFINET AG","isPartOf":{"@id":"https:\/\/definet.de\/#website"},"primaryImageOfPage":{"@id":"https:\/\/definet.de\/impressum\/#primaryimage"},"image":{"@id":"https:\/\/definet.de\/impressum\/#primaryimage"},"thumbnailUrl":"https:\/\/definet.de\/wp-content\/uploads\/2025\/02\/impressum.jpg","datePublished":"2019-08-02T16:17:43+00:00","dateModified":"2026-03-30T11:30:48+00:00","description":"DEFINET AG |\u00a0Helfmann-Park 8 | 65760 Eschborn |\u00a0Telefon: 06196 58684-00 |\u00a0\u00a0Fax: 06196 586844-400 | E-Mail: info@definet.de","breadcrumb":{"@id":"https:\/\/definet.de\/impressum\/#breadcrumb"},"inLanguage":"de","potentialAction":[{"@type":"ReadAction","target":["https:\/\/definet.de\/impressum\/"]}]},{"@type":"ImageObject","inLanguage":"de","@id":"https:\/\/definet.de\/impressum\/#primaryimage","url":"https:\/\/definet.de\/wp-content\/uploads\/2025\/02\/impressum.jpg","contentUrl":"https:\/\/definet.de\/wp-content\/uploads\/2025\/02\/impressum.jpg","width":1200,"height":630,"caption":"DEFINET AG \u2013 Impressum"},{"@type":"BreadcrumbList","@id":"https:\/\/definet.de\/impressum\/#breadcrumb","itemListElement":[{"@type":"ListItem","position":1,"name":"Startseite","item":"https:\/\/definet.de\/nds-de\/home\/"},{"@type":"ListItem","position":2,"name":"Impressum"}]},{"@type":"WebSite","@id":"https:\/\/definet.de\/#website","url":"https:\/\/definet.de\/","name":"Definet AG","description":"Kompetenz. Mehrwert. Partnerschaft.","publisher":{"@id":"https:\/\/definet.de\/#organization"},"potentialAction":[{"@type":"SearchAction","target":{"@type":"EntryPoint","urlTemplate":"https:\/\/definet.de\/?s={search_term_string}"},"query-input":{"@type":"PropertyValueSpecification","valueRequired":true,"valueName":"search_term_string"}}],"inLanguage":"de"},{"@type":"Organization","@id":"https:\/\/definet.de\/#organization","name":"DEFINET AG","url":"https:\/\/definet.de\/","logo":{"@type":"ImageObject","inLanguage":"de","@id":"https:\/\/definet.de\/#\/schema\/logo\/image\/","url":"https:\/\/definet.de\/wp-content\/uploads\/2020\/01\/Logo_Definet.png","contentUrl":"https:\/\/definet.de\/wp-content\/uploads\/2020\/01\/Logo_Definet.png","width":2547,"height":567,"caption":"DEFINET AG"},"image":{"@id":"https:\/\/definet.de\/#\/schema\/logo\/image\/"},"sameAs":["https:\/\/www.linkedin.com\/company\/definetag"]}]}},"_links":{"self":[{"href":"https:\/\/definet.de\/nds-de\/wp-json\/wp\/v2\/pages\/49","targetHints":{"allow":["GET"]}}],"collection":[{"href":"https:\/\/definet.de\/nds-de\/wp-json\/wp\/v2\/pages"}],"about":[{"href":"https:\/\/definet.de\/nds-de\/wp-json\/wp\/v2\/types\/page"}],"author":[{"embeddable":true,"href":"https:\/\/definet.de\/nds-de\/wp-json\/wp\/v2\/users\/1"}],"replies":[{"embeddable":true,"href":"https:\/\/definet.de\/nds-de\/wp-json\/wp\/v2\/comments?post=49"}],"version-history":[{"count":19,"href":"https:\/\/definet.de\/nds-de\/wp-json\/wp\/v2\/pages\/49\/revisions"}],"predecessor-version":[{"id":25689,"href":"https:\/\/definet.de\/nds-de\/wp-json\/wp\/v2\/pages\/49\/revisions\/25689"}],"wp:featuredmedia":[{"embeddable":true,"href":"https:\/\/definet.de\/nds-de\/wp-json\/wp\/v2\/media\/21973"}],"wp:attachment":[{"href":"https:\/\/definet.de\/nds-de\/wp-json\/wp\/v2\/media?parent=49"}],"wp:term":[{"taxonomy":"folder","embeddable":true,"href":"https:\/\/definet.de\/nds-de\/wp-json\/wp\/v2\/folder?post=49"}],"curies":[{"name":"wp","href":"https:\/\/api.w.org\/{rel}","templated":true}]}}